at is 11 + 10022101002?
10022101020
In base 3, what is 12 - 20021122?
-20021110
In base 6, what is -22 - 42424?
-42450
In base 8, what is -2 + -5132103?
-5132105
In base 12, what is 672 + 257?
909
In base 3, what is 21102212100 - -100?
21102212200
In base 3, what is 10 - 121210211122?
-121210211112
In base 2, what is 1100110111 - 101110?
1100001001
In base 9, what is 142 - 848?
-706
In base 10, what is 4 + -160077?
-160073
In base 13, what is -4369a - -2?
-43698
In base 15, what is -162150 + -1?
-162151
In base 15, what is 20ae - 12?
209c
In base 16, what is -11b + -75?
-190
In base 9, what is 17 + 5507?
5525
In base 9, what is 23855 - -4?
23860
In base 8, what is 774 + 3611?
4605
In base 4, what is 101101 - -102213?
203320
In base 3, what is -100 + -11121221?
-11122021
In base 16, what is 3 + 339f6?
339f9
In base 11, what is 2 - -757a?
7581
In base 10, what is 32207 + 4?
32211
In base 12, what is -32 + 1a91?
1a5b
In base 4, what is -2110 + 1203201?
1201031
In base 2, what is 1000111100010111 - -100?
1000111100011011
In base 13, what is 4 - -1b639?
1b640
In base 6, what is 24 + -125345?
-125321
In base 5, what is 41311 - -3011?
44322
In base 9, what is 7164 + 50?
7224
In base 9, what is 123 + -1016?
-783
In base 8, what is -326 + 1134?
606
In base 13, what is -4 - -66176?
66172
In base 8, what is 102 + 5466?
5570
In base 5, what is -4013203 + 4?
-4013144
In base 15, what is -4b7 - 8?
-4c0
In base 16, what is 4 + 1ad9?
1add
In base 6, what is 1021 + -1412?
-351
In base 12, what is -7 + 557?
550
In base 15, what is 1e5 - 48?
19c
In base 9, what is -17 + -41083?
-41111
In base 5, what is 2021 + 231?
2302
In base 3, what is 10020 - 1221000?
-1210210
In base 4, what is -2121210 + -11?
-2121221
In base 4, what is 2 + 103123011?
103123013
In base 9, what is 17775662 - -3?
17775665
In base 8, what is -3620417 + -5?
-3620424
In base 4, what is -121 + -110120?
-110301
In base 4, what is -302012022 - 2?
-302012030
In base 13, what is -c - -3b2?
3a3
In base 15, what is -79 + 321?
297
In base 14, what is -7cd24 + 2?
-7cd22
In base 14, what is -70db - 5?
-7102
In base 8, what is -12443 - 20?
-12463
In base 6, what is -350 - 3155?
-3545
In base 16, what is -6c5 - -2b?
-69a
In base 3, what is 1 + 1200210?
1200211
In base 2, what is -111001011001101 + 1111?
-111001010111110
In base 11, what is -1 + -2666?
-2667
In base 8, what is 45 + 410?
455
In base 9, what is 188 + 4461?
4660
In base 2, what is 10100110101 + 101111000?
11010101101
In base 9, what is -42885 - -61?
-42824
In base 11, what is -6956 + 2?
-6954
In base 10, what is 14383 + -6?
14377
In base 12, what is -5 + -67b9b?
-67ba4
In base 10, what is -1930 + 90?
-1840
In base 4, what is 2 - 10313011003?
-10313011001
In base 10, what is 0 - 24025?
-24025
In base 9, what is -507 + -55?
-563
In base 5, what is -410 - -1204?
244
In base 6, what is -31 + -55255?
-55330
In base 4, what is -3300033 + 10?
-3300023
In base 2, what is -110111 - -1010101001?
1001110010
In base 16, what is -4 + 1fbff?
1fbfb
In base 13, what is 217b85 - -3?
217b88
In base 3, what is 10 + -1211221021012?
-1211221021002
In base 11, what is 121 - 2925?
-2804
In base 14, what is -50 + 120?
b0
In base 7, what is 50111 + -41?
50040
In base 11, what is 2144 + -182?
1a72
In base 15, what is -1 + 2066?
2065
In base 6, what is 141 - 521102?
-520521
In base 5, what is 21321244 - -3?
21321302
In base 8, what is 4 + 1144743?
1144747
In base 16, what is bb5c - -1?
bb5d
In base 11, what is -5 + -4a65?
-4a6a
In base 13, what is 54 + 226a?
22c1
In base 2, what is -10100100101000101100 - 11?
-10100100101000101111
In base 5, what is 22 - 103341?
-103314
In base 11, what is 5 - a452?
-a448
In base 2, what is 10100100011 + 1110000?
10110010011
In base 3, what is -2101021 - -12210102?
10102011
In base 14, what is 0 + 502c5?
502c5
In base 13, what is -1 + cb56?
cb55
In base 3, what is -210001 + -121201?
-1101202
In base 4, what is -2 - -1020210?
1020202
In base 9, what is 4 + -160?
-155
In base 5, what is 1 + 404003?
404004
In base 3, what is -2 - 21121201?
-21121210
In base 13, what is 0 - -26376?
26376
In base 4, what is 1000 + -2221?
-1221
In base 6, what is -14134 - -53?
-14041
In base 9, what is -5 + -1433746?
-1433752
In base 14, what is 0 - -c01d?
c01d
In base 14, what is 32787 - 11?
32776
In base 2, what is -110001111001110 + 100?
-110001111001010
In base 15, what is 6a + 36c?
3d7
In base 2, what is -11 - 11101001000000111?
-11101001000001010
In base 3, what is 1 - -11022111?
11022112
In base 7, what is 50011 - 5?
50003
In base 12, what is 12aa0 + b?
12aab
In base 16, what is 5a5e - 62?
59fc
In base 15, what is aed06 - -2?
aed08
In base 6, what is -501321 + 201?
-501120
In base 4, what is 120 + -122102?
-121322
In base 6, what is 402124 + 11?
402135
In base 15, what is b - ad6e?
-ad63
In base 15, what is 3 - 7276?
-7273
In base 12, what is -11 - -2135?
2124
In base 8, what is 117502 - 3?
117477
In base 3, what is 2011212 - 212110?
1022102
In base 9, what is 860515 + 5?
860521
In base 3, what is 10201 + 20?
10221
In base 13, what is 10136 - -6?
1013c
In base 15, what is -4a + -19c3?
-1a1d
In base 2, what is -1011111101 - -1011010000101?
1001110001000
In base 5, what is -2422 + 31?
-2341
In base 11, what is a07 + 631?
1538
In base 10, what is -1 - 20821?
-20822
In base 11, what is 26 + 1149?
1174
In base 6, what is 30055424 - -1?
30055425
In base 13, what is -96411 + -3?
-96414
In base 9, what is 18 - 211816?
-211787
In base 15, what is 7d + c30?
cad
In base 16, what is 16 + -62c?
-616
In base 10, what is 5 - 239268?
-239263
In base 5, what is -21 + -413101?
-413122
In base 7, what is 2 + -10320460?
-10320455
In base 5, what is 2410042 - -123?
2410220
In base 16, what is 1 - -3204?
3205
In base 10, what is 197 + 18372?
18569
In base 8, what is -100225 - 0?
-100225
In base 7, what is -2330 + 460?
-1540
In base 16, what is e4 - -94?
178
In base 3, what is -12210 + 12000?
-210
In base 4, what is -21 - 1321120?
-1321201
In base 13, what is 9 + -23970?
-23964
In base 12, what is 1 + 3a8b7?
3a8b8
In base 14, what is -62 - -2062?
2000
In base 13, what is 43 - 9ac?
-969
In base 4, what is -31321 + -11?
-31332
In base 13, what is -48207c - 3?
-482082
In base 16, what is 143 + -3d?
106
In base 6, what is 3 - -45511?
45514
In base 14, what is -3 + -2a72?
-2a75
In base 12, what is 0 + -142428?
-142428
In base 4, what is 110212332 - 0?
110212332
In base 6, what is 123103 - 4?
123055
In base 4, what is 32122 + 121123?
213311
In base 8, what is -3627 - -120?
-3507
In base 6, what is -5 - 152033?
-152042
In base 16, what is cc + 44d?
519
In base 16, what is -91 + -4ff?
-590
In base 16, what is -138 - -17e?
46
In base 12, what is 40a - 1432?
-1024
In base 13, what is -2733 - -3?
-2730
In base 14, what is 97 - 2aa?
-213
In base 11, what is 14 - 18039?
-18025
In base 8, what is -450317 + -5?
-450324
In base 9, what is 3371 + -1651?
1620
In base 10, what is -16 - -103592?
103576
In base 2, what is 1100010000011101 - -110?
1100010000100011
In base 15, what is 6 - -41e6?
41ec
In base 7, what is -2 - 163046?
-163051
In base 13, what is 20 + 2acbc?
2b00c
In base 6, what is 11545 - -24?
12013
In base 8, what is -22353 - -1?
-22352
In base 13, what is 79a + -2?
798
In base 13, what is 0 + 364cc?
364cc
In base 14, what is d06 + -15?
cd1
In base 9, what is 1 - 57577?
-57576
In base 10, what is 0 + -37587?
-37587
In base 6, what is -12525 - -222?
-12303
In base 7, what is 3050 - 614?
2133
In base 4, what is 30220113 + 0?
30220113
In base 11, what is -100 - -3311?
3211
In base 4, what is -10023020 - 0?
-10023020
In base 16, what is 1d + -78?
-5b
In base 16, what is -f9e2 + 5?
-f9dd
In base 14, what is 2785 + -19?
276a
In base 8, what is 507750 + 4?
507754
In base 3, what is -1111201020022 + -11?
-1111201020110
In base 10, what is 7 - -4344?
4351
In base 9, what is 155 + -1001?
-735
In base 7, what is 64 + -662?
-565
In base 2, what is 110 - -10011000010?
10011001000
In base 7, what is 5213050 + -5?
5213042
In base 10, what is 55 + 2867?
2922
In base 9, what is 250552 + 5?
250557
In base 2, what is 1000000100001111 + -1011?
1000000100000100
In base 5, what is -10 - 101333?
-101343
In base 7, what is 1050 + -2211?
-1131
In base 7, what is -5 + 1362433?
1362425
In base 9, what i